87. Calculate the remainder when 180 is divided by d(19).
44
Suppose -36 = 4*o - 196. What is the remainder when o is divided by -5*264/(-180)*3/2?
7
Let c = 134 + -193. Let q = 123 + c. What is the remainder when q is divided by 17?
13
Let u = 113 - 65. Let l = 146 - u. What is the remainder when l is divided by 11?
10
Let x = -530 - -1410. Calculate the remainder when x is divided by 14.
12
Let p = 0 + 0. Suppose a - 26 - 18 = p. What is the remainder when a is divided by 12?
8
Let u(p) be the second derivative of 1/3*p**4 + 0 - 2*p - 3/2*p**2 + 1/6*p**3 - 1/20*p**5. What is the remainder when u(-3) is divided by 15?
12
Suppose 11*c + 41 = -47. Let v = 7 - c. Calculate the remainder when 39 is divided by v.
9
Let p(v) = v**3 + 9*v**2 - 10*v + 7. Let b be p(-10). Calculate the remainder when 53 is divided by 10/b*(13 + 1).
13
Let x = -96 - -459. What is the remainder when x is divided by 73?
71
Let f(h) = 7*h**2 - 5*h + 4. Let u be 1 + 5 - (3 + 0). Let w be f(u). Suppose i + i = w. Calculate the remainder when i is divided by 7.
5
Let t(g) = -g**3 - 37*g**2 + 76*g + 24. Calculate the remainder when 106 is divided by t(-39).
4
Suppose u = 0, u + u = -5*l + 145. Calculate the remainder when ((-351)/36 - 4)*-4 is divided by l.
26
Calculate the remainder when ((-171)/(-228))/(3/1384) is divided by 6.
4
Let p = 181 - 110. Let c(a) = -2*a**3 + 3*a**2 - 120*a - 244. What is the remainder when p is divided by c(-2)?
23
Let a be (-6 - -12)/(2/5). Suppose -a*y + 6250 = -10*y. What is the remainder when y/20*(-8)/(-5) is divided by 17?
15
Suppose 17*r + 22*r - 1196 = 13*r. Let o(d) = -2*d + 3. What is the remainder when r is divided by o(-6)?
1
Let r(q) = q - 4. Let s = -1 - -3. Suppose -3 = -s*g + 3, g = 4*i - 17. What is the remainder when 2 is divided by r(i)?
0
Let k(r) = 3*r**2 + r + 1. Let a(c) = -c**2 + c - 1. Let b(w) = -2*a(w) - k(w). Let i be 2*1/2*-2. What is the remainder when 3 is divided by b(i)?
0
Suppose 5*y = 4*k + 230, 0*y - 2*k = -5*y + 220. Let v(a) = -13*a - 78. Calculate the remainder when y is divided by v(-7).
3
Let z(q) = q**3 + 7*q**2 + 8*q + 6. Let k = -98 - -107. Calculate the remainder when z(-5) is divided by k.
7
Let q(w) = 9*w**2 + 56*w + 18. Calculate the remainder when q(-10) is divided by 15.
13
Let u = -8 - -19. Suppose o + 1 = 27. Suppose o = 4*j - 54. Calculate the remainder when j is divided by u.
9
Suppose -20 = -2*c + 28. Suppose 2*l - c = 106. What is the remainder when 125 is divided by l?
60
Let k(j) = 3*j**2 + j + 1. Let d be k(3). Let q = d - 14. What is the remainder when q is divided by 9?
8
Let p = 242 + -220. What is the remainder when 54 is divided by p?
10
Let u(c) = -c**3 + 4*c**2 + 57*c - 162. Let k(a) = a**2 + 3. Calculate the remainder when u(3) is divided by k(-3).
6
Suppose 4*c + c = 3*u + 34, 3*c = -5*u - 34. Let x be ((-1)/3)/(u/456). Let g = x - -46. What is the remainder when g is divided by 17?
14
Let j(n) = -4*n**3 + n**2 + n + 1. Let u be 2 + -5 + 4 + -2. What is the remainder when (-164)/(-20) - (-10)/(-50) is divided by j(u)?
3
Suppose -m + 2688 = 31*m. Calculate the remainder when m is divided by 52.
32
Suppose 4*i = -4*i + 376. Suppose 0 = -10*f - i + 347. What is the remainder when 116 is divided by f?
26
Suppose 2*v - d - 20 = 4*v, -10 = v - d. What is the remainder when 67 is divided by 72/v*(-20)/8?
13
Let f(s) = s + 5 - 6*s + 15*s - s. Calculate the remainder when f(3) is divided by 7.
4
Let g = -86 - -88. Suppose 0 = g*d - 5*m - 107, -d + m + 2*m + 55 = 0. What is the remainder when 90 is divided by d?
44
Let f(n) = 6*n**2 + n. Let v be f(-1). Suppose 10 = -2*j, 4*t = -v*j - 5 - 4. Let s = -11 - -21. Calculate the remainder when s is divided by t.
2
Let g = -38 - -32. What is the remainder when 41 is divided by (-98)/g - (-1 - 20/(-15))?
9
Let y(o) be the first derivative of -o**3/3 - 8*o**2 - 43*o + 3. What is the remainder when 83 is divided by y(-10)?
15
Suppose -15 = -5*m - 4*h, -m + h + 3 = 3*h. Suppose 4*v = -5*f + 6, 2*f + 10 = 3*v + 3*f. What is the remainder when v is divided by m?
1
Let a(q) = -q**2 - 3*q + 53. Calculate the remainder when 53 is divided by a(-7).
3
Let h = 79 - 50. Calculate the remainder when 83 is divided by h.
25
Suppose 3*n = 4*n - 30. Suppose 3*h - n = h. What is the remainder when (-285)/(-5) - (0 - 0) is divided by h?
12
Suppose 3*m - 18 = 2*m. Let y(t) = -13*t**2 + 14*t - 8. Let s be y(9). Calculate the remainder when ((-4)/5)/(22/s) is divided by m.
16
Suppose 82*x - 81*x - 725 = 0. What is the remainder when x is divided by 91?
88
Let a(d) = d**2 - 3*d. Let h be a(5). Let j = 11 - h. Calculate the remainder when 6 is divided by 18 + -16 + (2 - j).
0
Let l = -8 - 3. Let b(c) = -c**2 - 15*c - 21. Calculate the remainder when 44 is divided by b(l).
21
Let n be (15/(-2))/(-1)*8/(-5). Calculate the remainder when 47 is divided by (n/15)/((-10)/325).
21
Let v(f) = 0 + 139*f + 11*f**2 - 144*f - 3. What is the remainder when v(-2) is divided by 13?
12
What is the remainder when (-564)/18*3/(-2) is divided by 15?
2
Let n(h) = h**3 + 18*h**2 + 70*h - 10. Calculate the remainder when 25 - (0/(-2) - -2) is divided by n(-12).
9
Let o = 151 + -47. Suppose -o = -5*w + 51. What is the remainder when w is divided by 9?
4
Suppose 46 = 5*c - 4. What is the remainder when 96 is divided by c?
6
Let f(k) = -16*k + 40. Let z be f(9). Let b = 126 + z. Calculate the remainder when 40 is divided by b.
18
Let q = 2396 - 2277. What is the remainder when 2259 is divided by q?
117
Let p(s) = 35*s - 3133. Let y = -5 - -19. Calculate the remainder when p(91) is divided by y.
10
Let g = -306 - -334. What is the remainder when 278 is divided by g?
26
Suppose -5*z + 3*z + 118 = 0. Suppose 125 - 25 = 5*s. Suppose 1 = q - s. What is the remainder when z is divided by q?
17
Suppose 1 = l, r + 4*l + 44 = -r. Let p be r/56 - (-395)/7. Let k = 93 - p. What is the remainder when k is divided by 20?
17
Let s = -40 + 57. Suppose 0 = -2*x + 1 + 9. Suppose -5*b + 127 = 3*y, 0*y + x*y - 2*b - 222 = 0. Calculate the remainder when y is divided by s.
10
What is the remainder when (-131119)/(-171) + 1 + (-7)/9 is divided by 14?
11
Let f(i) = -49*i. Let v(h) = -2*h**2 - 7*h + 14. Let d be v(-5). What is the remainder when f(-1) is divided by (d - -4)/((-3)/(-36)*2)?
13
Let x(n) = -2*n**3 - 22*n**2 + 49*n - 28. Suppose -2*h - h + 21 = 0. What is the remainder when x(-13) is divided by h?
4
Suppose -44 = -2*w - 4*x, -w + 19 + 3 = x. Calculate the remainder when 156 is divided by w.
2
Suppose -9*r = r - 80. Let b = 62 + r. Calculate the remainder when b is divided by 18.
16
Suppose 3*q + 30 = 4*j - 162, 2*q = 0. Calculate the remainder when 191 is divided by j.
47
Suppose 5*c - 4*l - 88 = 0, 4 = c - 2*l - 16. Suppose -2*z = 3*k - c, 5*z + 4 - 10 = k. Calculate the remainder when 12 is divided by k.
0
Let u = 52 - 56. Let z = -37 - -52. Calculate the remainder when (-7)/u*(24 + -8) is divided by z.
13
Let o be 5*5/25*40/1. Suppose -25*h = -20*h - o. Calculate the remainder when 71 is divided by h.
7
Let n = -29 + 44. Suppose 2*k - n = 17. Calculate the remainder when 60 is divided by k.
12
Suppose 0 = 4*t - 20, -23*p + t + 33 = -22*p. Calculate the remainder when 47 is divided by p.
9
Let w = 5 + -3. Suppose 3*b - 704 = 4*n, 224 = b + w*n + 2*n. Calculate the remainder when b is divided by 47.
44
Let c(i) = 2*i**3 - 5*i**2 + 3*i. Let o = -3229 - -3300. What is the remainder when o is divided by c(3)?
17
Suppose 3*w = -5*m + 3, 0*w + w - 11 = -5*m. What is the remainder when 49 is divided by 45/(-10)*w/6 - -15?
13
Let l = -17 + 43. Let a be 1166/l + 2/13. Suppose x - 4*x = -a. Calculate the remainder when 44 is divided by x.
14
Let p be (8/(-24))/(2/54)*1. Suppose -4*k + 3*v = -2*v + 293, 5*k = -4*v - 356. Calculate the remainder when 15 is divided by 16/k + (-38)/p.
3
Suppose -2*x - 1 - 5 = 0. Let p(n) = 5*n**2 + 4*n + 3. What is the remainder when -9 + (-140)/(-15) + 422*3/9 is divided by p(x)?
33
What is the remainder when 5*29 - (-3 + (-16)/(-8)) is divided by 15?
11
What is the remainder when 34 is divided by (3/21)/(4/84)?
1
Let y(k) = 7*k - 7. What is the remainder when (-60)/(-100) - ((-324)/10 + 1) is divided by y(3)?
4
What is the remainder when (-2)/24*-3 + (-16495)/(-20) is divided